{"id":1832,"date":"2026-02-28T15:07:08","date_gmt":"2026-02-28T14:07:08","guid":{"rendered":"https:\/\/elodiebarreaccompagnement-energetique.fr\/?page_id=1832"},"modified":"2026-04-03T21:03:43","modified_gmt":"2026-04-03T19:03:43","slug":"tarifs-2","status":"publish","type":"page","link":"https:\/\/elodiebarreaccompagnement-energetique.fr\/tarifs-2\/","title":{"rendered":"Tarifs"},"content":{"rendered":"\n<div class=\"wp-block-uagb-buttons uagb-buttons__outer-wrap uagb-btn__default-btn uagb-btn-tablet__default-btn uagb-btn-mobile__default-btn uagb-block-6db9a3cc\"><div class=\"uagb-buttons__wrap uagb-buttons-layout-wrap \">\n<div class=\"wp-block-uagb-buttons-child uagb-buttons__outer-wrap uagb-block-e5f9224e wp-block-button\"><div class=\"uagb-button__wrapper\"><a class=\"uagb-buttons-repeater wp-block-button__link\" aria-label=\"\" href=\"\/\/elodiebarreaccompagnementenergetique.setmore.com\/\" rel=\"follow noopener\" target=\"_blank\" role=\"button\"><div class=\"uagb-button__link\">PRENDRE RDV<\/div><\/a><\/div><\/div>\n<\/div><\/div>\n\n\n\n<p class=\"has-ast-global-color-4-color has-text-color has-link-color wp-elements-52d8b7e57e77b15b7ea529e6d9b9383b\">.<\/p>\n\n\n\n<h2 class=\"wp-block-heading has-text-align-center has-ast-global-color-3-color has-text-color has-link-color wp-elements-f1c3af440966d0f9a4d1720e7b6214b1\" style=\"font-size:25px\"><strong>Mes tarifs<\/strong><\/h2>\n\n\n\n<p class=\"has-ast-global-color-4-color has-text-color has-link-color wp-elements-52d8b7e57e77b15b7ea529e6d9b9383b\">.<\/p>\n\n\n\n<div class=\"wp-block-group has-ast-global-color-5-background-color has-background is-layout-constrained wp-block-group-is-layout-constrained\" style=\"border-radius:10px\">\n<h3 class=\"wp-block-heading has-text-align-center has-ast-global-color-3-color has-text-color has-link-color has-medium-font-size wp-elements-7310ec1db35a51c23c22731a8b2725d5\"><strong>Tarifs actuellement <\/strong><br><strong>en vigueur <\/strong><\/h3>\n\n\n\n<hr class=\"wp-block-separator has-alpha-channel-opacity\"\/>\n\n\n\n<p class=\"has-ast-global-color-4-color has-text-color has-link-color wp-elements-52d8b7e57e77b15b7ea529e6d9b9383b\">.<\/p>\n\n\n\n<figure class=\"wp-block-image aligncenter size-large has-custom-border\"><img loading=\"lazy\" decoding=\"async\" width=\"1024\" height=\"1024\" src=\"https:\/\/elodiebarreaccompagnement-energetique.fr\/wp-content\/uploads\/2026\/03\/Meilleure_energeticienne_France_Poitiers_Vienne-1024x1024.png\" alt=\"\u00e9nerg\u00e9ticienne pas cher  _ soins \u00e9nerg\u00e9tiques pas cher _ Civray _ Ligug\u00e9\" class=\"has-border-color wp-image-2192\" style=\"border-color:#68735a;border-width:4px;border-radius:34px\" srcset=\"https:\/\/elodiebarreaccompagnement-energetique.fr\/wp-content\/uploads\/2026\/03\/Meilleure_energeticienne_France_Poitiers_Vienne-1024x1024.png 1024w, https:\/\/elodiebarreaccompagnement-energetique.fr\/wp-content\/uploads\/2026\/03\/Meilleure_energeticienne_France_Poitiers_Vienne-300x300.png 300w, https:\/\/elodiebarreaccompagnement-energetique.fr\/wp-content\/uploads\/2026\/03\/Meilleure_energeticienne_France_Poitiers_Vienne-150x150.png 150w, https:\/\/elodiebarreaccompagnement-energetique.fr\/wp-content\/uploads\/2026\/03\/Meilleure_energeticienne_France_Poitiers_Vienne-768x768.png 768w, https:\/\/elodiebarreaccompagnement-energetique.fr\/wp-content\/uploads\/2026\/03\/Meilleure_energeticienne_France_Poitiers_Vienne-600x600.png 600w, https:\/\/elodiebarreaccompagnement-energetique.fr\/wp-content\/uploads\/2026\/03\/Meilleure_energeticienne_France_Poitiers_Vienne-100x100.png 100w, https:\/\/elodiebarreaccompagnement-energetique.fr\/wp-content\/uploads\/2026\/03\/Meilleure_energeticienne_France_Poitiers_Vienne.png 1080w\" sizes=\"(max-width: 1024px) 100vw, 1024px\" \/><\/figure>\n<\/div>\n\n\n\n<p class=\"has-ast-global-color-4-color has-text-color has-link-color wp-elements-52d8b7e57e77b15b7ea529e6d9b9383b\">.<\/p>\n\n\n\n<div class=\"wp-block-group has-ast-global-color-5-background-color has-background is-layout-constrained wp-block-group-is-layout-constrained\" style=\"border-radius:10px\">\n<h3 class=\"wp-block-heading has-text-align-center has-ast-global-color-3-color has-text-color has-link-color has-medium-font-size wp-elements-9eab7d1e54fdc4c92269e79189d6c304\"><strong>Au cabinet de Civray (86400)<\/strong><\/h3>\n\n\n\n<p>3 rue de la Commanderie<br>S\u00e9ances <strong>du mardi au vendredi<\/strong><\/p>\n\n\n\n<p>\u00c0 partir de 16 ans : 60 \u20ac<br>Moins de 16 ans : 50 \u20ac<\/p>\n<\/div>\n\n\n\n<p class=\"has-ast-global-color-4-color has-text-color has-link-color wp-elements-52d8b7e57e77b15b7ea529e6d9b9383b\">.<\/p>\n\n\n\n<div class=\"wp-block-group has-ast-global-color-5-background-color has-background is-layout-constrained wp-block-group-is-layout-constrained\" style=\"border-radius:10px\">\n<h3 class=\"wp-block-heading has-text-align-center has-ast-global-color-3-color has-text-color has-link-color has-medium-font-size wp-elements-cd8d6ce928f7a7e1edceb280014e851e\"><strong>Au centre Meta MorphOze     Ligug\u00e9 (86240) <\/strong><br><strong>pr\u00e8s de Poitiers<\/strong><\/h3>\n\n\n\n<p>2 Grand Rue<br>S\u00e9ances chaque <strong>lundi<\/strong><\/p>\n\n\n\n<p>\u00c0 partir de 16 ans : 80 \u20ac<br>Moins de 16 ans : 70 \u20ac<\/p>\n<\/div>\n\n\n\n<p class=\"has-ast-global-color-4-color has-text-color has-link-color wp-elements-52d8b7e57e77b15b7ea529e6d9b9383b\">.<\/p>\n\n\n\n<div class=\"wp-block-group has-ast-global-color-5-background-color has-background is-layout-constrained wp-block-group-is-layout-constrained\" style=\"border-radius:10px\">\n<h3 class=\"wp-block-heading has-text-align-center has-ast-global-color-3-color has-text-color has-link-color has-medium-font-size wp-elements-f768a790f3c107325e23a2f72519f919\"><strong>Soins \u00e9nerg\u00e9tiques \u00e0 distance       France enti\u00e8re<\/strong><\/h3>\n\n\n\n<p>S\u00e9ances <strong>du mardi au vendredi<\/strong><\/p>\n\n\n\n<p>S\u00e9ance \u00e0 distance : 50 \u20ac<br>PAIEMENT OBLIGATOIRE \u00c0 LA R\u00c9SERVATION<\/p>\n<\/div>\n\n\n\n<p class=\"has-ast-global-color-4-color has-text-color has-link-color wp-elements-52d8b7e57e77b15b7ea529e6d9b9383b\">.<\/p>\n\n\n\n<div class=\"wp-block-group has-ast-global-color-5-background-color has-background is-layout-constrained wp-block-group-is-layout-constrained\" style=\"border-radius:10px\">\n<h3 class=\"wp-block-heading has-text-align-center has-ast-global-color-3-color has-text-color has-link-color has-medium-font-size wp-elements-0ecea43db31438cc650d916cc6236c91\"><strong>Accompagnement sur mesure <\/strong><br><strong>France enti\u00e8re<\/strong><\/h3>\n\n\n\n<p><strong>Diff\u00e9rents formats possibles (sportifs, dirigeants, \u00e9quipes, d\u00e9placements)<\/strong><\/p>\n\n\n\n<p>Tarif <strong>sur devis<\/strong>.<\/p>\n<\/div>\n\n\n\n<p class=\"has-ast-global-color-4-color has-text-color has-link-color wp-elements-52d8b7e57e77b15b7ea529e6d9b9383b\">.<\/p>\n\n\n\n<div class=\"wp-block-group has-ast-global-color-5-background-color has-background is-layout-constrained wp-block-group-is-layout-constrained\" style=\"border-radius:10px\">\n<h3 class=\"wp-block-heading has-text-align-center has-ast-global-color-3-color has-text-color has-link-color has-medium-font-size wp-elements-c58b78a993346067b38b57047bf03907\"><strong>Modalit\u00e9s<\/strong><\/h3>\n\n\n\n<p>\u2022 Paiement en ligne obligatoire pour les s\u00e9ances \u00e0 distance<br>\u2022 Paiement au cabinet : ch\u00e8que, esp\u00e8ces, virement privil\u00e9gi\u00e9s. Carte bancaire accept\u00e9e si besoin.<\/p>\n\n\n\n<p>TVA non applicable, art. 293 B du CGI.<\/p>\n<\/div>\n\n\n\n<p class=\"has-ast-global-color-4-color has-text-color has-link-color wp-elements-52d8b7e57e77b15b7ea529e6d9b9383b\">.<\/p>\n\n\n\n<div class=\"wp-block-uagb-buttons uagb-buttons__outer-wrap uagb-btn__default-btn uagb-btn-tablet__default-btn uagb-btn-mobile__default-btn uagb-block-58ad5cce\"><div class=\"uagb-buttons__wrap uagb-buttons-layout-wrap \">\n<div class=\"wp-block-uagb-buttons-child uagb-buttons__outer-wrap uagb-block-a3654a49 wp-block-button\"><div class=\"uagb-button__wrapper\"><a class=\"uagb-buttons-repeater wp-block-button__link\" aria-label=\"\" href=\"\/\/elodiebarreaccompagnementenergetique.setmore.com\/\" rel=\"follow noopener\" target=\"_blank\" role=\"button\"><div class=\"uagb-button__link\"><strong>R\u00e9servation en ligne<\/strong><\/div><\/a><\/div><\/div>\n<\/div><\/div>\n\n\n\n<div class=\"wp-block-uagb-buttons uagb-buttons__outer-wrap uagb-btn__default-btn uagb-btn-tablet__default-btn uagb-btn-mobile__default-btn uagb-block-e26cd439\"><div class=\"uagb-buttons__wrap uagb-buttons-layout-wrap \">\n<div class=\"wp-block-uagb-buttons-child uagb-buttons__outer-wrap uagb-block-425397f0 wp-block-button\"><div class=\"uagb-button__wrapper\"><a class=\"uagb-buttons-repeater wp-block-button__link\" aria-label=\"\" href=\"https:\/\/elodiebarreaccompagnement-energetique.fr\/?page_id=1838\" rel=\"follow noopener\" target=\"_blank\" role=\"button\"><div class=\"uagb-button__link\">Consulter la FAQ <br><br>(Foire Aux Questions)<\/div><\/a><\/div><\/div>\n<\/div><\/div>\n\n\n\n<p class=\"has-ast-global-color-4-color has-text-color has-link-color wp-elements-52d8b7e57e77b15b7ea529e6d9b9383b\">.<\/p>\n\n\n\n<p class=\"has-ast-global-color-4-color has-text-color has-link-color wp-elements-52d8b7e57e77b15b7ea529e6d9b9383b\">.<\/p>\n\n\n\n<p class=\"has-ast-global-color-4-color has-text-color has-link-color wp-elements-52d8b7e57e77b15b7ea529e6d9b9383b\">.<\/p>\n\n\n\n<p class=\"has-text-align-center\">\u26a0 Les soins \u00e9nerg\u00e9tiques ne remplacent pas un suivi m\u00e9dical ou psychologique.<\/p>\n","protected":false},"excerpt":{"rendered":"<p>. Mes tarifs . Tarifs actuellement en vigueur . . Au cabinet de Civray (86400) 3 rue de la CommanderieS\u00e9ances du mardi au vendredi \u00c0 partir de 16 ans : 60 \u20acMoins de 16 ans : 50 \u20ac . Au centre Meta MorphOze Ligug\u00e9 (86240) pr\u00e8s de Poitiers 2 Grand RueS\u00e9ances chaque lundi \u00c0 partir [&hellip;]<\/p>\n","protected":false},"author":1,"featured_media":0,"parent":0,"menu_order":0,"comment_status":"closed","ping_status":"closed","template":"","meta":{"_uag_custom_page_level_css":"","site-sidebar-layout":"default","site-content-layout":"","ast-site-content-layout":"default","site-content-style":"default","site-sidebar-style":"default","ast-global-header-display":"","ast-banner-title-visibility":"","ast-main-header-display":"","ast-hfb-above-header-display":"","ast-hfb-below-header-display":"","ast-hfb-mobile-header-display":"","site-post-title":"","ast-breadcrumbs-content":"","ast-featured-img":"","footer-sml-layout":"","ast-disable-related-posts":"","theme-transparent-header-meta":"","adv-header-id-meta":"","stick-header-meta":"","header-above-stick-meta":"","header-main-stick-meta":"","header-below-stick-meta":"","astra-migrate-meta-layouts":"default","ast-page-background-enabled":"default","ast-page-background-meta":{"desktop":{"background-color":"var(--ast-global-color-5)","background-image":"","background-repeat":"repeat","background-position":"center center","background-size":"auto","background-attachment":"scroll","background-type":"","background-media":"","overlay-type":"","overlay-color":"","overlay-opacity":"","overlay-gradient":""},"tablet":{"background-color":"","background-image":"","background-repeat":"repeat","background-position":"center center","background-size":"auto","background-attachment":"scroll","background-type":"","background-media":"","overlay-type":"","overlay-color":"","overlay-opacity":"","overlay-gradient":""},"mobile":{"background-color":"","background-image":"","background-repeat":"repeat","background-position":"center center","background-size":"auto","background-attachment":"scroll","background-type":"","background-media":"","overlay-type":"","overlay-color":"","overlay-opacity":"","overlay-gradient":""}},"ast-content-background-meta":{"desktop":{"background-color":"var(--ast-global-color-4)","background-image":"","background-repeat":"repeat","background-position":"center center","background-size":"auto","background-attachment":"scroll","background-type":"","background-media":"","overlay-type":"","overlay-color":"","overlay-opacity":"","overlay-gradient":""},"tablet":{"background-color":"var(--ast-global-color-4)","background-image":"","background-repeat":"repeat","background-position":"center center","background-size":"auto","background-attachment":"scroll","background-type":"","background-media":"","overlay-type":"","overlay-color":"","overlay-opacity":"","overlay-gradient":""},"mobile":{"background-color":"var(--ast-global-color-4)","background-image":"","background-repeat":"repeat","background-position":"center center","background-size":"auto","background-attachment":"scroll","background-type":"","background-media":"","overlay-type":"","overlay-color":"","overlay-opacity":"","overlay-gradient":""}},"footnotes":""},"aioseo_notices":[],"uagb_featured_image_src":{"full":false,"thumbnail":false,"medium":false,"medium_large":false,"large":false,"1536x1536":false,"2048x2048":false},"uagb_author_info":{"display_name":"elodiebarreaccompagnement-energetique.fr","author_link":"https:\/\/elodiebarreaccompagnement-energetique.fr\/author\/lesclesdelacommanderie-fr\/"},"uagb_comment_info":0,"uagb_excerpt":". Mes tarifs . Tarifs actuellement en vigueur . . Au cabinet de Civray (86400) 3 rue de la CommanderieS\u00e9ances du mardi au vendredi \u00c0 partir de 16 ans : 60 \u20acMoins de 16 ans : 50 \u20ac . Au centre Meta MorphOze Ligug\u00e9 (86240) pr\u00e8s de Poitiers 2 Grand RueS\u00e9ances chaque lundi \u00c0 partir\u2026","_links":{"self":[{"href":"https:\/\/elodiebarreaccompagnement-energetique.fr\/wp-json\/wp\/v2\/pages\/1832"}],"collection":[{"href":"https:\/\/elodiebarreaccompagnement-energetique.fr\/wp-json\/wp\/v2\/pages"}],"about":[{"href":"https:\/\/elodiebarreaccompagnement-energetique.fr\/wp-json\/wp\/v2\/types\/page"}],"author":[{"embeddable":true,"href":"https:\/\/elodiebarreaccompagnement-energetique.fr\/wp-json\/wp\/v2\/users\/1"}],"replies":[{"embeddable":true,"href":"https:\/\/elodiebarreaccompagnement-energetique.fr\/wp-json\/wp\/v2\/comments?post=1832"}],"version-history":[{"count":22,"href":"https:\/\/elodiebarreaccompagnement-energetique.fr\/wp-json\/wp\/v2\/pages\/1832\/revisions"}],"predecessor-version":[{"id":2660,"href":"https:\/\/elodiebarreaccompagnement-energetique.fr\/wp-json\/wp\/v2\/pages\/1832\/revisions\/2660"}],"wp:attachment":[{"href":"https:\/\/elodiebarreaccompagnement-energetique.fr\/wp-json\/wp\/v2\/media?parent=1832"}],"curies":[{"name":"wp","href":"https:\/\/api.w.org\/{rel}","templated":true}]}}